i be (-18)/(-4) - (-2)/(-4). Let w be 6*2/(-4) + 3. Let d(j) = -j**3 + 12. Let s be d(w). What is the highest common factor of s and i?
4
Let s be ((-10)/4 - -2)*-290. Suppose 5*l - 3*r - s = -r, -l + 5*r + 29 = 0. Calculate the highest common factor of 29 and l.
29
Suppose -6*b + 130 + 254 = 0. What is the highest common factor of b and 16?
16
Suppose -6*a + 4*a + 2*m + 10 = 0, 5*a - 4*m - 28 = 0. Suppose 0*g = 4*g - a. Let j = 21 - 13. Calculate the greatest common factor of g and j.
2
Let b = 66 - -142. Let u = 57 - 31. Calculate the greatest common factor of b and u.
26
Suppose 0 = 3*y - 12*y + 144. What is the greatest common factor of y and 32?
16
Let b be (-12)/10*(189/(-6) + -1). What is the highest common divisor of 52 and b?
13
Let j = 3 + 1. Suppose 5*y = -0*y + 580. Suppose 5*k = 2*o + o - 100, -j*o + y = 2*k. What is the highest common divisor of 75 and o?
15
Let o(s) = 20*s - 4. Let g be o(-3). Let f be ((-22)/(-4))/((-4)/g). What is the greatest common divisor of 22 and f?
22
Suppose -3*n - 2 = -2*n, 4*n = b - 143. Suppose 459 = 2*g - b. Suppose -5*t = -2*t - g. Calculate the highest common factor of t and 11.
11
Let x(u) = 9*u**2 + 2*u. Let f be x(-3). Suppose -22 - 8 = -l. What is the greatest common factor of f and l?
15
Let g = -18 + 38. Suppose 2*x + 3 = 9. Let v be (10/4)/(x/6). What is the highest common factor of v and g?
5
Suppose h + 256 = 5*h. Suppose 0 = 2*r + 5*u + 23 - 0, 2*u = -2*r - 8. Let l be r*-3*(-8)/3. What is the highest common factor of l and h?
8
Let b = 13 + -9. Let u(w) = w**3 + 8*w**2 + 9*w + 8. Let s be u(-7). Let g be 40/(-3)*s/4. Calculate the highest common divisor of g and b.
4
Let w(f) = 12*f**2 - 4*f + 3. Let t be w(3). Let l = -1 - -1. Suppose l = -4*s + 4*z - 14 + 42, z = -4*s + 38. Calculate the greatest common divisor of t and s.
9
Let d = 36 - 3. Calculate the greatest common divisor of 22 and d.
11
Suppose -12*a = -8*a - 96. Let k be (-1)/(-2) + (-142)/(-4). Calculate the greatest common factor of a and k.
12
Let u be ((-794)/6)/(1/(-3)). Suppose 4*j - 43 = u. Suppose -130 = -4*r + j. Calculate the highest common factor of r and 12.
12
Suppose -351 - 111 = -6*t. Calculate the highest common factor of 11 and t.
11
Suppose 0 = -4*f - 4*v + 140, 5*v + 25 = f + 4*v. What is the highest common factor of f and 6?
6
Suppose -5*u + 36 = -64. Calculate the greatest common factor of u and 10.
10
Let k(r) = 6*r + 5. Let p be k(4). Let c = p - 7. Suppose -4*j = 8 - 448. Calculate the greatest common factor of j and c.
22
Let k(b) = -b + 5. Let y be k(5). Suppose -27 = -y*o - 3*o. Let p = 8 - 7. What is the greatest common divisor of o and p?
1
Let x be 11/(-55) - 104/5. Let y = 35 + x. Let n = y + -1. Calculate the greatest common divisor of 104 and n.
13
Let b be ((-8)/(-10))/(2/5). Let z = 2 - -3. Calculate the greatest common divisor of z and b.
1
Let n be -1 - (-3 + 2) - -20. Suppose -2*m + 4*u = -56, 0*m - 2*m + 3*u + 52 = 0. Calculate the greatest common divisor of m and n.
20
Let h be 18 + 0 - (-4)/(4/3). What is the greatest common factor of 42 and h?
21
Suppose 2*j = -h + 5*h + 58, -5*j - h + 112 = 0. Suppose -2*z = -j + 7. Suppose b - 6 = 2. What is the greatest common factor of b and z?
8
Let q = -4 + 14. What is the highest common divisor of 70 and q?
10
Let t be (-2)/(-4) + 21/6. Let z be (11/t)/(3/12). What is the greatest common factor of z and 99?
11
Suppose 3*p - 15 = 0, s - 9*p - 55 = -5*p. Suppose -b - 3 = -18. What is the greatest common factor of s and b?
15
Let o = 16 + -10. Suppose o*w - 8*w = -24. Suppose 0 = -3*y + 89 - 17. Calculate the greatest common divisor of y and w.
12
Let z(q) = q**3. Let m be z(2). What is the highest common factor of m and 32?
8
Let h be (8/10)/((3/(-375))/(-1)). What is the greatest common divisor of h and 20?
20
Let i = 13 - 7. Calculate the highest common divisor of i and 54.
6
Suppose -6*t - 35 = -7*t. Suppose -h = 4*h - 35. What is the greatest common factor of t and h?
7
Suppose 0 = g - 2*g + 9. Let q = -75 - -39. Let f be q/(-16)*(14 - 2). What is the greatest common factor of f and g?
9
Suppose 2*c - 17 - 11 = -j, 41 = 2*j + c. Suppose 2*d - 4*d = -j. What is the greatest common divisor of d and 72?
9
Let r = 38 - 36. What is the greatest common factor of r and 2?
2
Let g be 31/(-2)*-2*3. Suppose 2*f - 34 = 3*k, -5*f - 25 = k - g. Suppose 4*q = 2*q + 70. Calculate the greatest common divisor of f and q.
7
Let g(s) = 17*s + 2. Let p be g(4). Let r(y) = -y**3 - 2*y**2 + 1. Let b be r(-3). Calculate the highest common factor of p and b.
10
Let q(c) = -c**3 - 3*c**2 - 2*c + 4. Let y be q(-3). What is the highest common factor of 50 and y?
10
Let t be -1 + 9 + -1 + 1. Let y be (1/3)/(-1) - (-4268)/132. Calculate the highest common factor of y and t.
8
Let n be (-20)/(-15) - (-260)/12. Calculate the highest common factor of n and 207.
23
Suppose 0 = 3*b + 1 - 10, 0 = 4*h - 4*b - 60. Let v be (h/4)/(9/60). What is the highest common divisor of v and 20?
10
Suppose 2*d - 60 = -0*d. Suppose -4*p + p + d = 0. What is the greatest common divisor of 80 and p?
10
Let i(n) = -n + 1. Let u be i(1). Suppose u = -3*t - t. Suppose 5*r - 31 - 244 = t. What is the greatest common factor of r and 11?
11
Suppose -5*t = 2*m + 6, -2 = 2*m + 3*t + 4. Let c be 4/6 - 7/m. Suppose 2*h = -c*h + 50. Calculate the highest common divisor of h and 25.
5
Let k(g) = 11*g**2. Let v be k(-1). Let a be ((-704)/3)/((-7)/21). Suppose 5*o - a = -209. What is the greatest common factor of o and v?
11
Suppose 87 = 3*w + 66. What is the greatest common factor of 7 and w?
7
Let j be ((-12)/(-15))/(4/30). What is the greatest common factor of 18 and j?
6
Suppose 27*w = 22*w + 55. Calculate the greatest common divisor of 99 and w.
11
Suppose 10*t - 56 = 44. Let y(j) = -j**3 + 9*j**2 - 8*j + 5. Let f be y(8). Let m be (-2)/((f/(-2))/5). Calculate the greatest common divisor of m and t.
2
Let m be 390/14 + (-129)/(-21) + -6. Suppose 433 = 3*v + v + 5*s, 569 = 5*v - 3*s. Calculate the highest common factor of v and m.
28
Let y(t) = t**3 - 10*t**2 - 10*t - 6. Let l be y(11). Suppose a = 5*d - 4, -4*a = d - 0*d - 5. Calculate the greatest common divisor of a and l.
1
Let g = -38 + 77. Suppose 4*a - 61 - 6 = -3*l, -3*a + 5*l + 14 = 0. What is the greatest common factor of a and g?
13
Let o = -4 + 8. Suppose o = -4*j + 2*j. Let h be (-1)/j + 15/2. What is the greatest common divisor of 20 and h?
4
Let b = -10 + 6. Let o = 6 + b. What is the greatest common factor of 12 and o?
2
Suppose -4 = -m + 5. Let o(d) = -d**3 + 10*d**2 + 3*d - 9. Let h be o(m). Let r = h - 60. Calculate the highest common divisor of 13 and r.
13
Let a be (-2)/(0 - 2/9). Let l(n) = 44*n**2 - 2*n - 1. Let k(y) = -3*y + 14. Let z be k(5). Let d be l(z). What is the greatest common factor of a and d?
9
Suppose -3*c + 5*j = -141, -2*c - 2*j + 66 + 44 = 0. Let m = 21 - 8. What is the greatest common divisor of c and m?
13
Let r(o) = o**3 - 4*o**2 - o + 13. Let z be r(4). Calculate the highest common divisor of z and 24.
3
Let y = 72 + -48. Let f be (-2)/((-99)/y - -4). Calculate the greatest common divisor of 48 and f.
16
Let t be (-135)/(-6) - 3/6. What is the greatest common factor of t and 22?
22
Let f(w) = w - 1. Let v(j) = j**2 + j + 8. Let g(q) = 3*f(q) + v(q). Suppose -4*y = 11 + 13. Let i be g(y). Calculate the greatest common factor of 34 and i.
17
Suppose -14*p + 15*p - 140 = 0. What is the highest common divisor of p and 35?
35
Let r be 9/(-15) + 2/(-5). Let p(x) = -5*x - 1. Let j be p(r). Suppose f = m - 58 - j, -2*f + 338 = 5*m. Calculate the greatest common divisor of m and 11.
11
Suppose 36 - 209 = -c - y, -c + 4*y + 163 = 0. What is the highest common divisor of c and 19?
19
Let j = -12 + 19. Let k = -105 - -106. Calculate the highest common factor of k and j.
1
Let z(h) = -2*h + 23. Let c be z(5). Calculate the greatest common factor of 26 and c.
13
Let f = 152 - 126. What is the greatest common factor of f and 182?
26
Let y = -70 - -118. Calculate the highest common factor of 16 and y.
16
Let h = -21 - -29. Calculate the greatest common factor of 16 and h.
8
Suppose -5*y + 2*y + r + 11 = 0, 23 = 4*y - 3*r. Let i = 2 + y. Let j = 18 - -2. What is the greatest common factor of j and i?
4
Suppose 0 = -0*q + q